{"id":150,"date":"2020-07-07T18:26:12","date_gmt":"2020-07-07T18:26:12","guid":{"rendered":"https:\/\/ecologiasdigitales.org\/?page_id=150"},"modified":"2020-07-07T19:37:53","modified_gmt":"2020-07-07T19:37:53","slug":"codigos-urbanos-2","status":"publish","type":"page","link":"https:\/\/ecologiasdigitales.org\/en\/codigos-urbanos-2\/","title":{"rendered":"C\u00f3digos urbanos"},"content":{"rendered":"<p>[et_pb_section fb_built=\u00bb1&#8243; specialty=\u00bbon\u00bb _builder_version=\u00bb4.0.6&#8243; custom_padding=\u00bb3px||0px|||\u00bb da_disable_devices=\u00bboff|off|off\u00bb da_is_popup=\u00bboff\u00bb da_exit_intent=\u00bboff\u00bb da_has_close=\u00bbon\u00bb da_alt_close=\u00bboff\u00bb da_dark_close=\u00bboff\u00bb da_not_modal=\u00bbon\u00bb da_is_singular=\u00bboff\u00bb da_with_loader=\u00bboff\u00bb da_has_shadow=\u00bbon\u00bb][et_pb_column type=\u00bb1_2&#8243; _builder_version=\u00bb3.25&#8243; custom_padding=\u00bb|||\u00bb custom_padding__hover=\u00bb|||\u00bb][et_pb_divider color=\u00bb#cc3366&#8243; divider_weight=\u00bb4px\u00bb disabled_on=\u00bbon|on|off\u00bb _builder_version=\u00bb3.23.4&#8243; background_size=\u00bbinitial\u00bb background_position=\u00bbtop_left\u00bb background_repeat=\u00bbrepeat\u00bb max_width=\u00bb40px\u00bb module_alignment=\u00bbleft\u00bb height=\u00bb0px\u00bb custom_margin=\u00bb||10px|\u00bb animation_style=\u00bbzoom\u00bb animation_direction=\u00bbleft\u00bb saved_tabs=\u00bball\u00bb locked=\u00bboff\u00bb][\/et_pb_divider][et_pb_blurb use_icon=\u00bbon\u00bb font_icon=\u00bb%%363%%\u00bb use_circle=\u00bbon\u00bb circle_color=\u00bb#ffffff\u00bb use_circle_border=\u00bbon\u00bb icon_placement=\u00bbleft\u00bb _builder_version=\u00bb3.24&#8243;][\/et_pb_blurb][et_pb_text _builder_version=\u00bb4.0.6&#8243; text_font=\u00bb|300|||||||\u00bb text_text_color=\u00bb#666666&#8243; text_line_height=\u00bb1.4em\u00bb link_font=\u00bb||||||||\u00bb link_text_color=\u00bb#ffffff\u00bb header_font=\u00bbMontserrat|700|||||||\u00bb header_font_size=\u00bb42px\u00bb header_3_font=\u00bbMontserrat||||||||\u00bb header_3_text_color=\u00bb#339999&#8243; background_size=\u00bbinitial\u00bb background_position=\u00bbtop_left\u00bb background_repeat=\u00bbrepeat\u00bb custom_margin=\u00bb-20px||10px|||\u00bb custom_padding=\u00bb0px||16px|||\u00bb header_font_size_last_edited=\u00bboff|desktop\u00bb locked=\u00bboff\u00bb inline_fonts=\u00bbTHE BOLD FONT\u00bb]<\/p>\n<h1>C\u00f3digos<span style=\"color: #cc3366;\"> Urbanos<\/span><\/h1>\n<p>[\/et_pb_text][et_pb_text _builder_version=\u00bb4.0.6&#8243; text_font=\u00bb|300|||||||\u00bb text_text_color=\u00bb#666666&#8243; text_line_height=\u00bb1.4em\u00bb link_font=\u00bb||||||||\u00bb link_text_color=\u00bb#ffffff\u00bb header_font=\u00bbMontserrat|700|||||||\u00bb header_font_size=\u00bb42px\u00bb header_3_font=\u00bbMontserrat||||||||\u00bb header_3_text_color=\u00bb#339999&#8243; background_size=\u00bbinitial\u00bb background_position=\u00bbtop_left\u00bb background_repeat=\u00bbrepeat\u00bb custom_margin=\u00bb-20px||-1px|||\u00bb custom_padding=\u00bb0px|||||\u00bb header_font_size_last_edited=\u00bboff|desktop\u00bb]<\/p>\n<blockquote>\n<p><em>Aqu\u00ed se muestran las verdaderas mutaciones, las metamorfosis: las que se han producido en forma de pr\u00f3tesis, esto es, como excedente de la potencia f\u00edsica de los cuerpos a trav\u00e9s de la adquisici\u00f3n de nuevas herramientas; \u00e9stas crecen en forma de red, esto es, se fijan en la comunicaci\u00f3n y la cooperaci\u00f3n de los cuerpos; y, por \u00faltimo, las que se constituyen en el \u00e9xodo, en la movilidad espacial y la flexibilidad temporal, en la capacidad de mestizar cuerpos y lenguas, por la dignidad del animal-hombre.<\/em><\/p>\n<p style=\"text-align: right;\"><strong><em>Toni Negri<\/em><\/strong><\/p>\n<\/blockquote>\n<p>[\/et_pb_text][et_pb_accordion closed_toggle_text_color=\u00bb#339999&#8243; icon_color=\u00bb#cc3366&#8243; use_icon_font_size=\u00bbon\u00bb icon_font_size=\u00bb18px\u00bb _builder_version=\u00bb4.0.6&#8243; toggle_text_color=\u00bb#339999&#8243; toggle_level=\u00bbh1&#8243; toggle_font=\u00bbMontserrat|600|||||||\u00bb toggle_font_size=\u00bb20px\u00bb closed_toggle_font=\u00bbMontserrat|600|||||||\u00bb closed_toggle_font_size=\u00bb20px\u00bb min_height=\u00bb264px\u00bb custom_margin=\u00bb12px|||||\u00bb][et_pb_accordion_item title=\u00bbPresentaci\u00f3n\u00bb open=\u00bbon\u00bb _builder_version=\u00bb4.0.6&#8243; toggle_text_color=\u00bb#339999&#8243;]<\/p>\n<p>La presente muestra se enmarca en el evento Ecolog\u00edas Digitales 2019. Ex-presiones Culturales, un espacio pensado para el abordaje de propuestas creativas y est\u00e9ticas que, tras superar los usos instrumentales de lo tecnol\u00f3gico, evidencian formas de trascender estereotipos, determinismos e imposiciones sociales y pol\u00edticas, favoreciendo procesos de transformaci\u00f3n social a trav\u00e9s de la participaci\u00f3n, el intercambio y el trabajo colaborativo.<\/p>\n<p>Conceptualmente, la idea de c\u00f3digo, en sus m\u00faltiples acepciones, alude a una principio o norma para la acci\u00f3n. El principio de nuestro c\u00f3digo es simple:\u00a0<\/p>\n<pre><strong><em>\/\/ accionar &amp; creativo &amp;&amp; colectivo --&gt;&gt; con tecnolog\u00edas<\/em><\/strong>.\u00a0<\/pre>\n<p><strong><\/strong>Este accionar se mueve en un rango infinito de posibilidades que oscilan entre las reflexiones por la performatividad del ordenador, propuesto por Brenda Laurel, y el planteamiento de acciones transformadoras, social y pol\u00edticamente de un espect-actor &#8211; espectador invitado a ser parte de la acci\u00f3n esc\u00e9nica -, planteado por Augusto Boal para el teatro.<\/p>\n<p>Adicionalmente, el principio de nuestro c\u00f3digo est\u00e1 ubicado y contextualizado, por tanto permite el planteamiento de una cartograf\u00eda de la experiencia creativa del individuo en comunidad, en lo urbano, a partir de la integraci\u00f3n de personas y dispositivos tecnol\u00f3gicos en distintas localidades de la ciudad de Medell\u00edn. As\u00ed, esta cartograf\u00eda habla de un arte instaurado en el sentir concreto de la experiencia cotidiana, en la acci\u00f3n pol\u00edtica de la existencia, y en el pensamiento transformador de nuestra sociedad. Una cartograf\u00eda con la cual se busca dotar de sentido colectivo la vida en nuestra ciudad a trav\u00e9s de procesos de cocreaci\u00f3n.<\/p>\n<p>[\/et_pb_accordion_item][et_pb_accordion_item title=\u00bbCr\u00e9ditos\u00bb _builder_version=\u00bb4.0.6&#8243; open=\u00bboff\u00bb]<\/p>\n<p><img loading=\"lazy\" decoding=\"async\" src=\"https:\/\/ecologiasdigitales.org\/wp-content\/uploads\/2020\/07\/Co\u0301digos-Urbanos.png\" width=\"534\" height=\"673\" alt=\"\" class=\"wp-image-1216 alignnone size-full\" \/><\/p>\n<p>[\/et_pb_accordion_item][\/et_pb_accordion][et_pb_divider divider_style=\u00bbdotted\u00bb divider_position=\u00bbcenter\u00bb _builder_version=\u00bb4.0.6&#8243; custom_margin=\u00bb17px||18px|||\u00bb][\/et_pb_divider][\/et_pb_column][et_pb_column type=\u00bb1_2&#8243; specialty_columns=\u00bb2&#8243; _builder_version=\u00bb3.25&#8243; custom_padding=\u00bb|||\u00bb custom_padding__hover=\u00bb|||\u00bb][et_pb_row_inner use_custom_gutter=\u00bbon\u00bb gutter_width=\u00bb1&#8243; _builder_version=\u00bb4.0.6&#8243; custom_margin=\u00bb-4px|||||\u00bb][et_pb_column_inner saved_specialty_column_type=\u00bb1_2&#8243; _builder_version=\u00bb4.0.6&#8243;][et_pb_gallery posts_number=\u00bb12&#8243; show_title_and_caption=\u00bboff\u00bb zoom_icon_color=\u00bb#cc3366&#8243; hover_icon=\u00bb%%13%%\u00bb _builder_version=\u00bb4.4.9&#8243; custom_margin=\u00bb0px|0px|0px|0px|false|false\u00bb custom_padding=\u00bb0px|0px|0px|0px|false|false\u00bb hover_enabled=\u00bb0&#8243; gallery_ids=\u00bb252,253,254,255,256,257,258,259,260,261,262,263,264,265,266,267,268,269,270,271,272,273,274,275,276,277,278,279,280,281,282,284,251,288&#8243;][\/et_pb_gallery][\/et_pb_column_inner][\/et_pb_row_inner][\/et_pb_column][\/et_pb_section][et_pb_section fb_built=\u00bb1&#8243; _builder_version=\u00bb4.0.6&#8243; da_disable_devices=\u00bboff|off|off\u00bb da_is_popup=\u00bboff\u00bb da_exit_intent=\u00bboff\u00bb da_has_close=\u00bbon\u00bb da_alt_close=\u00bboff\u00bb da_dark_close=\u00bboff\u00bb da_not_modal=\u00bbon\u00bb da_is_singular=\u00bboff\u00bb da_with_loader=\u00bboff\u00bb da_has_shadow=\u00bbon\u00bb][et_pb_row _builder_version=\u00bb4.0.6&#8243;][et_pb_column type=\u00bb4_4&#8243; _builder_version=\u00bb4.0.6&#8243;][\/et_pb_column][\/et_pb_row][\/et_pb_section]<\/p>\n","protected":false},"excerpt":{"rendered":"<p>C\u00f3digos Urbanos Aqu\u00ed se muestran las verdaderas mutaciones, las metamorfosis: las que se han producido en forma de pr\u00f3tesis, esto es, como excedente de la potencia f\u00edsica de los cuerpos a trav\u00e9s de la adquisici\u00f3n de nuevas herramientas; \u00e9stas crecen en forma de red, esto es, se fijan en la comunicaci\u00f3n y la cooperaci\u00f3n de [&hellip;]<\/p>\n","protected":false},"author":1,"featured_media":0,"parent":0,"menu_order":0,"comment_status":"closed","ping_status":"closed","template":"","meta":{"_et_pb_use_builder":"on","_et_pb_old_content":"","_et_gb_content_width":"","_coblocks_attr":"","_coblocks_dimensions":"","_coblocks_responsive_height":"","_coblocks_accordion_ie_support":"","om_disable_all_campaigns":false,"_monsterinsights_skip_tracking":false,"_monsterinsights_sitenote_active":false,"_monsterinsights_sitenote_note":"","_monsterinsights_sitenote_category":0,"_uf_show_specific_survey":0,"_uf_disable_surveys":false,"footnotes":""},"class_list":["post-150","page","type-page","status-publish","hentry"],"aioseo_notices":[],"_links":{"self":[{"href":"https:\/\/ecologiasdigitales.org\/en\/wp-json\/wp\/v2\/pages\/150","targetHints":{"allow":["GET"]}}],"collection":[{"href":"https:\/\/ecologiasdigitales.org\/en\/wp-json\/wp\/v2\/pages"}],"about":[{"href":"https:\/\/ecologiasdigitales.org\/en\/wp-json\/wp\/v2\/types\/page"}],"author":[{"embeddable":true,"href":"https:\/\/ecologiasdigitales.org\/en\/wp-json\/wp\/v2\/users\/1"}],"replies":[{"embeddable":true,"href":"https:\/\/ecologiasdigitales.org\/en\/wp-json\/wp\/v2\/comments?post=150"}],"version-history":[{"count":0,"href":"https:\/\/ecologiasdigitales.org\/en\/wp-json\/wp\/v2\/pages\/150\/revisions"}],"wp:attachment":[{"href":"https:\/\/ecologiasdigitales.org\/en\/wp-json\/wp\/v2\/media?parent=150"}],"curies":[{"name":"wp","href":"https:\/\/api.w.org\/{rel}","templated":true}]}}

Códigos urbanos

<p>[et_pb_section fb_built=»1&#8243; specialty=»on» _builder_version=»4.0.6&#8243; custom_padding=»3px||0px|||» da_disable_devices=»off|off|off» da_is_popup=»off» da_exit_intent=»off» da_has_close=»on» da_alt_close=»off» da_dark_close=»off» da_not_modal=»on» da_is_singular=»off» da_with_loader=»off» da_has_shadow=»on»][et_pb_column type=»1_2&#8243; _builder_version=»3.25&#8243; custom_padding=»|||» custom_padding__hover=»|||»][et_pb_divider color=»#cc3366&#8243; divider_weight=»4px» disabled_on=»on|on|off» _builder_version=»3.23.4&#8243; background_size=»initial» background_position=»top_left» background_repeat=»repeat» max_width=»40px» module_alignment=»left» height=»0px» custom_margin=»||10px|» animation_style=»zoom» animation_direction=»left» saved_tabs=»all» locked=»off»][/et_pb_divider][et_pb_blurb use_icon=»on» font_icon=»%%363%%» use_circle=»on» circle_color=»#ffffff» use_circle_border=»on» icon_placement=»left» _builder_version=»3.24&#8243;][/et_pb_blurb][et_pb_text _builder_version=»4.0.6&#8243; text_font=»|300|||||||» text_text_color=»#666666&#8243; text_line_height=»1.4em» link_font=»||||||||» link_text_color=»#ffffff» header_font=»Montserrat|700|||||||» header_font_size=»42px» header_3_font=»Montserrat||||||||» header_3_text_color=»#339999&#8243; background_size=»initial» background_position=»top_left» background_repeat=»repeat» custom_margin=»-20px||10px|||» custom_padding=»0px||16px|||» header_font_size_last_edited=»off|desktop» locked=»off» inline_fonts=»THE BOLD FONT»]</p>
<h1>Códigos<span style="color: #cc3366;"> Urbanos</span></h1>
<p>[/et_pb_text][et_pb_text _builder_version=»4.0.6&#8243; text_font=»|300|||||||» text_text_color=»#666666&#8243; text_line_height=»1.4em» link_font=»||||||||» link_text_color=»#ffffff» header_font=»Montserrat|700|||||||» header_font_size=»42px» header_3_font=»Montserrat||||||||» header_3_text_color=»#339999&#8243; background_size=»initial» background_position=»top_left» background_repeat=»repeat» custom_margin=»-20px||-1px|||» custom_padding=»0px|||||» header_font_size_last_edited=»off|desktop»]</p>
<blockquote>
<p><em>Aquí se muestran las verdaderas mutaciones, las metamorfosis: las que se han producido en forma de prótesis, esto es, como excedente de la potencia física de los cuerpos a través de la adquisición de nuevas herramientas; éstas crecen en forma de red, esto es, se fijan en la comunicación y la cooperación de los cuerpos; y, por último, las que se constituyen en el éxodo, en la movilidad espacial y la flexibilidad temporal, en la capacidad de mestizar cuerpos y lenguas, por la dignidad del animal-hombre.</em></p>
<p style="text-align: right;"><strong><em>Toni Negri</em></strong></p>
</blockquote>
<p>[/et_pb_text][et_pb_accordion closed_toggle_text_color=»#339999&#8243; icon_color=»#cc3366&#8243; use_icon_font_size=»on» icon_font_size=»18px» _builder_version=»4.0.6&#8243; toggle_text_color=»#339999&#8243; toggle_level=»h1&#8243; toggle_font=»Montserrat|600|||||||» toggle_font_size=»20px» closed_toggle_font=»Montserrat|600|||||||» closed_toggle_font_size=»20px» min_height=»264px» custom_margin=»12px|||||»][et_pb_accordion_item title=»Presentación» open=»on» _builder_version=»4.0.6&#8243; toggle_text_color=»#339999&#8243;]</p>
<p>La presente muestra se enmarca en el evento Ecologías Digitales 2019. Ex-presiones Culturales, un espacio pensado para el abordaje de propuestas creativas y estéticas que, tras superar los usos instrumentales de lo tecnológico, evidencian formas de trascender estereotipos, determinismos e imposiciones sociales y políticas, favoreciendo procesos de transformación social a través de la participación, el intercambio y el trabajo colaborativo.</p>
<p>Conceptualmente, la idea de código, en sus múltiples acepciones, alude a una principio o norma para la acción. El principio de nuestro código es simple: </p>
<pre><strong><em>// accionar &amp; creativo &amp;&amp; colectivo --&gt;&gt; con tecnologías</em></strong>. </pre>
<p><strong></strong>Este accionar se mueve en un rango infinito de posibilidades que oscilan entre las reflexiones por la performatividad del ordenador, propuesto por Brenda Laurel, y el planteamiento de acciones transformadoras, social y políticamente de un espect-actor &#8211; espectador invitado a ser parte de la acción escénica -, planteado por Augusto Boal para el teatro.</p>
<p>Adicionalmente, el principio de nuestro código está ubicado y contextualizado, por tanto permite el planteamiento de una cartografía de la experiencia creativa del individuo en comunidad, en lo urbano, a partir de la integración de personas y dispositivos tecnológicos en distintas localidades de la ciudad de Medellín. Así, esta cartografía habla de un arte instaurado en el sentir concreto de la experiencia cotidiana, en la acción política de la existencia, y en el pensamiento transformador de nuestra sociedad. Una cartografía con la cual se busca dotar de sentido colectivo la vida en nuestra ciudad a través de procesos de cocreación.</p>
<p>[/et_pb_accordion_item][et_pb_accordion_item title=»Créditos» _builder_version=»4.0.6&#8243; open=»off»]</p>
<p><img loading="lazy" decoding="async" src="https://ecologiasdigitales.org/wp-content/uploads/2020/07/Códigos-Urbanos.png" width="534" height="673" alt="" class="wp-image-1216 alignnone size-full" /></p>
<p>[/et_pb_accordion_item][/et_pb_accordion][et_pb_divider divider_style=»dotted» divider_position=»center» _builder_version=»4.0.6&#8243; custom_margin=»17px||18px|||»][/et_pb_divider][/et_pb_column][et_pb_column type=»1_2&#8243; specialty_columns=»2&#8243; _builder_version=»3.25&#8243; custom_padding=»|||» custom_padding__hover=»|||»][et_pb_row_inner use_custom_gutter=»on» gutter_width=»1&#8243; _builder_version=»4.0.6&#8243; custom_margin=»-4px|||||»][et_pb_column_inner saved_specialty_column_type=»1_2&#8243; _builder_version=»4.0.6&#8243;][et_pb_gallery posts_number=»12&#8243; show_title_and_caption=»off» zoom_icon_color=»#cc3366&#8243; hover_icon=»%%13%%» _builder_version=»4.4.9&#8243; custom_margin=»0px|0px|0px|0px|false|false» custom_padding=»0px|0px|0px|0px|false|false» hover_enabled=»0&#8243; gallery_ids=»252,253,254,255,256,257,258,259,260,261,262,263,264,265,266,267,268,269,270,271,272,273,274,275,276,277,278,279,280,281,282,284,251,288&#8243;][/et_pb_gallery][/et_pb_column_inner][/et_pb_row_inner][/et_pb_column][/et_pb_section][et_pb_section fb_built=»1&#8243; _builder_version=»4.0.6&#8243; da_disable_devices=»off|off|off» da_is_popup=»off» da_exit_intent=»off» da_has_close=»on» da_alt_close=»off» da_dark_close=»off» da_not_modal=»on» da_is_singular=»off» da_with_loader=»off» da_has_shadow=»on»][et_pb_row _builder_version=»4.0.6&#8243;][et_pb_column type=»4_4&#8243; _builder_version=»4.0.6&#8243;][/et_pb_column][/et_pb_row][/et_pb_section]</p>

<p>Códigos Urbanos Aquí se muestran las verdaderas mutaciones, las metamorfosis: las que se han producido en forma de prótesis, esto es, como excedente de la potencia física de los cuerpos a través de la adquisición de nuevas herramientas; éstas crecen en forma de red, esto es, se fijan en la comunicación y la cooperación de [&hellip;]</p>
