{"id":124,"date":"2020-07-07T18:37:45","date_gmt":"2020-07-07T18:37:45","guid":{"rendered":"https:\/\/ecologiasdigitales.org\/?page_id=124"},"modified":"2020-07-07T18:38:08","modified_gmt":"2020-07-07T18:38:08","slug":"convocatoria-e-invitados","status":"publish","type":"page","link":"https:\/\/ecologiasdigitales.org\/en\/convocatoria-e-invitados\/","title":{"rendered":"Exposici\u00f3n de propuestas creativas [convocatoria e invitados]"},"content":{"rendered":"<p>[et_pb_section fb_built=\u00bb1&#8243; specialty=\u00bbon\u00bb _builder_version=\u00bb4.0.6&#8243; custom_padding=\u00bb0px|||||\u00bb da_disable_devices=\u00bboff|off|off\u00bb da_is_popup=\u00bboff\u00bb da_exit_intent=\u00bboff\u00bb da_has_close=\u00bbon\u00bb da_alt_close=\u00bboff\u00bb da_dark_close=\u00bboff\u00bb da_not_modal=\u00bbon\u00bb da_is_singular=\u00bboff\u00bb da_with_loader=\u00bboff\u00bb da_has_shadow=\u00bbon\u00bb][et_pb_column type=\u00bb1_2&#8243; _builder_version=\u00bb3.25&#8243; custom_padding=\u00bb|||\u00bb custom_padding__hover=\u00bb|||\u00bb][et_pb_divider color=\u00bb#cc3366&#8243; divider_weight=\u00bb4px\u00bb disabled_on=\u00bbon|on|off\u00bb _builder_version=\u00bb3.23.4&#8243; background_size=\u00bbinitial\u00bb background_position=\u00bbtop_left\u00bb background_repeat=\u00bbrepeat\u00bb max_width=\u00bb40px\u00bb module_alignment=\u00bbleft\u00bb height=\u00bb0px\u00bb custom_margin=\u00bb||10px|\u00bb animation_style=\u00bbzoom\u00bb animation_direction=\u00bbleft\u00bb saved_tabs=\u00bball\u00bb locked=\u00bboff\u00bb][\/et_pb_divider][et_pb_blurb use_icon=\u00bbon\u00bb font_icon=\u00bb%%363%%\u00bb use_circle=\u00bbon\u00bb circle_color=\u00bb#ffffff\u00bb use_circle_border=\u00bbon\u00bb icon_placement=\u00bbleft\u00bb _builder_version=\u00bb3.24&#8243;][\/et_pb_blurb][et_pb_text text_font=\u00bb|300|||||||\u00bb text_text_color=\u00bb#666666&#8243; text_line_height=\u00bb1.4em\u00bb link_font=\u00bb||||||||\u00bb link_text_color=\u00bb#ffffff\u00bb header_font=\u00bbMontserrat|700|||||||\u00bb header_font_size=\u00bb42px\u00bb background_size=\u00bbinitial\u00bb background_position=\u00bbtop_left\u00bb background_repeat=\u00bbrepeat\u00bb custom_margin=\u00bb-20px||-1px|||\u00bb custom_padding=\u00bb0px|||||\u00bb header_font_size_last_edited=\u00bboff|desktop\u00bb header_3_font=\u00bbMontserrat||||||||\u00bb header_3_text_color=\u00bb#339999&#8243; _builder_version=\u00bb4.0.9&#8243; locked=\u00bboff\u00bb inline_fonts=\u00bbTHE BOLD FONT\u00bb]<\/p>\n<h1>Exposici\u00f3n de propuestas creativas <span style=\"font-size: xx-large; color: #cc3366;\">[convocatoria e invitados]<\/span><\/h1>\n<p><span style=\"font-size: xx-large;\"><\/span><\/p>\n<p>[\/et_pb_text][et_pb_accordion closed_toggle_text_color=\u00bb#339999&#8243; icon_color=\u00bb#cc3366&#8243; use_icon_font_size=\u00bbon\u00bb icon_font_size=\u00bb18px\u00bb _builder_version=\u00bb4.0.6&#8243; toggle_text_color=\u00bb#339999&#8243; toggle_level=\u00bbh1&#8243; toggle_font=\u00bbMontserrat|600|||||||\u00bb toggle_font_size=\u00bb20px\u00bb closed_toggle_font=\u00bbMontserrat|600|||||||\u00bb closed_toggle_font_size=\u00bb20px\u00bb min_height=\u00bb264px\u00bb custom_margin=\u00bb22px|||||\u00bb][et_pb_accordion_item title=\u00bbPresentaci\u00f3n\u00bb open=\u00bbon\u00bb _builder_version=\u00bb4.0.6&#8243;]<\/p>\n<p><em>Ecolog\u00edas Digitales 2019: Expresiones Culturales<\/em>, m\u00e1s que un concepto, es un espacio para el di\u00e1logo y el intercambio creativo alrededor de los nuevos medios, es una met\u00e1fora para pensar las posibilidades de integraci\u00f3n entre el arte y la tecnolog\u00eda, en contextos sociales diversos y entornos variables; es una apuesta por las convergencias disciplinares que faciliten la libre expresi\u00f3n como forma de posicionamiento vital, \u00e9tico y est\u00e9tico. Todo esto, en medio de din\u00e1micas contempor\u00e1neas complejas, donde el continuo avance tecnol\u00f3gico genera un desbordamiento medi\u00e1tico, dif\u00edcil de aprehender de forma individual.<\/p>\n<p>En el \u00e1mbito de la seguridad inform\u00e1tica y la programaci\u00f3n existe un fallo denominado <em>desbordamiento de b\u00fafer<\/em>, un error del <em>software<\/em> en el que los datos sobrepasan la capacidad de almacenamiento generando <em>operaciones imprevistas<\/em>. Desde la perspectiva creativa, estas\u00a0 operaciones derivadas del error sirven de referencia para proponer en\u00a0 Ecolog\u00edas Digitales visiones alternas del proceso creativo con tecnolog\u00eda, las cuales rompen con los protocolos establecidos y se despliegan en diversas formas de expresiones culturales individuales y colectivas.<\/p>\n<p>En este marco de reflexi\u00f3n se ubica la presente muestra, la cual incluye las propuestas de artistas individuales, colectivos, entidades invitadas, y de quienes fueron seleccionados a trav\u00e9s de la convocatoria abierta. Cada una de las propuestas constituye una forma de intercepci\u00f3n en distintos planos y medios: el f\u00edsico del museo, el virtual de las pantallas y ordenadores, y el perceptual desde la experiencia de los asistentes. De esta forma, las propuestas representan visiones alternas de apropiaci\u00f3n tecnol\u00f3gica, cocreaci\u00f3n y participaci\u00f3n cultural. Fuera de la mirada convencional dicot\u00f3mica artista-espectador, academia-comunidad e instituci\u00f3n-ciudadan\u00eda, cada propuesta es una apuesta por la expresi\u00f3n creativa <em>en<\/em> y <em>desde<\/em> nuestros contextos sociales, culturales, tecnol\u00f3gicos y pol\u00edticos. Cada una de ellas propende por generar experiencias est\u00e9ticas e intelectuales, bien sea conectando las tecnolog\u00edas emergentes y pasadas; generando c\u00f3digos para la expansi\u00f3n creativa; cuestionando problem\u00e1ticas propias del acontecer tecnol\u00f3gico; o propiciando mecanismos y formas de participaci\u00f3n colectiva abiertos a la creatividad del otro y lo otro, desde lo humano o lo maquinista. As\u00ed, en esta muestra de <em>Ecolog\u00edas Digitales 2019<\/em>, se proponen experiencias culturales donde el otro es arte y parte.<\/p>\n<p>[\/et_pb_accordion_item][et_pb_accordion_item title=\u00bbArtistas, creadores, investigadores o instituciones invitadas:\u00bb _builder_version=\u00bb4.0.6&#8243; open=\u00bboff\u00bb]<\/p>\n<ul>\n<li>Jorge Luis Vaca Forero<\/li>\n<li>Jorge Ocampo Rend\u00f3n y Juan Ocampo Rend\u00f3n.<\/li>\n<li>Oscar Alejandro Cardoso Guzm\u00e1n, David Esteban Sanchez Gutierrez, Juan Diego Correa Blair, Jos\u00e9 Juli\u00e1n Cadavid Sierra, Diego Fernando Casta\u00f1eda Guisao.<\/li>\n<li>Programa de Memoria, Patrimonio y Archivo Hist\u00f3rico, Secretar\u00eda de Cultura Ciudadana, Alcald\u00eda de Medell\u00edn.<\/li>\n<li>Territorio_lab, Bibliolab: Diana Morales, Camilo Urrego, Maria Eugenia G\u00f3mez, Anderson Silva Ocampo, Norma Ibarg\u00fcen Martinez, Gloria Edilma Restrepo Vasquez, Juan David Montoya Otalvaro, Natalia Mar\u00eda Guar\u00edn Salazar,Luisa Mar\u00eda Isaza \u00c1lvarez, Diana Morales, Margarita Puerta, Luis Fernando Posada Villa, Carlos Mario Gil Zuluaga, C\u00e9sar Mazo.<\/li>\n<li>Semillero de Hipertr\u00f3pico: Pablo Andr\u00e9s Pulgar\u00edn, Carlos Mario S\u00e1nchez, Katlen Smith Vergara, Sara Rold\u00e1n, Ana Mar\u00eda Cardona.<\/li>\n<li>Semillero de Investigaci\u00f3n en Imagen T\u00e9cnica y Narrativas Experimentales -SIITNE-: John zelextheron, Manuel Palacio, Sebastian L\u00f3pez, Stefanye Franco, Sara Pati\u00f1o, Melisa Montoya, y Karena Fern\u00e1ndez, coordina: Liliana Correa.<\/li>\n<li><em>performers<\/em>: Sebasti\u00e1n Rivera, Juan David Fl\u00f3rez, Camilo Cuartas.<\/li>\n<\/ul>\n<p>[\/et_pb_accordion_item][et_pb_accordion_item title=\u00bbArtistas, creadores, investigadores y colectivos por convocatoria:\u00bb _builder_version=\u00bb4.0.6&#8243; open=\u00bboff\u00bb]<\/p>\n<ul>\n<li><strong>Semillero de Investigaci\u00f3n Aplicada en Territorios Inteligentes de la l\u00ednea de investigaci\u00f3n Territorios Inteligentes: Sociedad, Tecnolog\u00eda, Innovaci\u00f3n y Territorio, del grupo Redes y Actores Sociales del Departamento de Sociolog\u00eda de Facultad de Ciencias Sociales y Humanas de la Universidad de Antioquia<\/strong>. Coordinadora: Gloria Isabel Quintero. Integrantes semillero: Daniela Avenda\u00f1o, Daniela L\u00f3pez, Daniela Uribe, Diego G\u00f3mez Martino, Mar\u00eda Alejandra Estrada, M\u00f3nica Londo\u00f1o, M\u00f3nica Alexandra G\u00f3mez, Mariana Duque Gallego, Margarita Cardona M\u00e1rquez, Silvia Catherine Moreno, Sergio Garc\u00eda Jaramillo, Teresa Rodr\u00edguez. Artista pl\u00e1stico y producci\u00f3n: Ever Armando Moncada Betancur. Fotograf\u00eda y edici\u00f3n: Juan David Ceballos Talero. M\u00fasica: Juan Esteban Rend\u00f3n.<\/li>\n<li><strong>Fabi\u00e1n R\u00edos Castrill\u00f3n<\/strong><\/li>\n<li><strong>Esteban Guti\u00e9rrez<\/strong><\/li>\n<li><strong>Yuliana Restrepo<\/strong><\/li>\n<li><strong>Manuela Arboleda<\/strong><\/li>\n<li><strong>Colectivo Bi\u00f3Grafos:<\/strong> Amalia Llano Bojanini, Ana Mar\u00eda Sep\u00falveda, Andrea Builes V\u00e9lez, Eduardo Montoya, Erika Torres Hoyos, David Tob\u00f3n Mu\u00f1oz, Natalia Uribe Mac\u00edas (representante) y Semillero CINEVIVO: Laura Valentina Gil, Alejandra Garc\u00eda, Natalia Ibarra, Maria del Pilar G\u00e1lvez, Manuel Buelvas, Ra\u00fal Andr\u00e9s Benito, Esteban Betancur, Tatiana Dur\u00e1n Duque, Andr\u00e9s Felipe Eusse, Daniela Betancur, Isabel Paniagua Cano, Luis Rodr\u00edguez<\/li>\n<\/ul>\n<p>[\/et_pb_accordion_item][et_pb_accordion_item title=\u00bbCr\u00e9ditos\u00bb _builder_version=\u00bb4.0.9&#8243; open=\u00bboff\u00bb]<\/p>\n<h5><strong>Jurados Convocatoria Abierta:<\/strong><\/h5>\n<p>Jorge Luis Vaca Forero y Esteban Garc\u00eda<\/p>\n<h5><strong>Equipo de producci\u00f3n Hipertr\u00f3pico:<\/strong><\/h5>\n<p>Isabel Restrepo, Astrid Damaris David, Pablo Pulgar\u00edn, Carlos S\u00e1nchez, Juan Carlos Hern\u00e1ndez, Ana Mar\u00eda Cardona, Katlen Smith Vergara, Sara Rold\u00e1n, Alexandra Tabares, Arney Herrera, David Gonz\u00e1lez.<\/p>\n<p>[\/et_pb_accordion_item][\/et_pb_accordion][et_pb_divider divider_style=\u00bbdotted\u00bb divider_position=\u00bbcenter\u00bb _builder_version=\u00bb4.0.6&#8243; custom_margin=\u00bb14px||18px|||\u00bb][\/et_pb_divider][\/et_pb_column][et_pb_column type=\u00bb1_2&#8243; specialty_columns=\u00bb2&#8243; _builder_version=\u00bb3.25&#8243; custom_padding=\u00bb|||\u00bb custom_padding__hover=\u00bb|||\u00bb][et_pb_row_inner use_custom_gutter=\u00bbon\u00bb gutter_width=\u00bb1&#8243; _builder_version=\u00bb4.0.6&#8243; custom_margin=\u00bb-4px|||||\u00bb][et_pb_column_inner saved_specialty_column_type=\u00bb1_2&#8243; _builder_version=\u00bb4.0.6&#8243;][et_pb_gallery gallery_ids=\u00bb126,127,128,129,130,131,132,133,134,135,136,137,138,139,140,141,142,143,144,145,146,147,148,149,155,156,157,158,159,160,161,38,162,163,164,167,168&#8243; posts_number=\u00bb8&#8243; show_title_and_caption=\u00bboff\u00bb zoom_icon_color=\u00bb#cc3366&#8243; hover_icon=\u00bb%%13%%\u00bb _builder_version=\u00bb4.4.7&#8243; custom_margin=\u00bb0px|0px|0px|0px|false|false\u00bb custom_padding=\u00bb0px|0px|0px|0px|false|false\u00bb][\/et_pb_gallery][\/et_pb_column_inner][\/et_pb_row_inner][\/et_pb_column][\/et_pb_section]<\/p>\n","protected":false},"excerpt":{"rendered":"<p>Exposici\u00f3n de propuestas creativas [convocatoria e invitados] Ecolog\u00edas Digitales 2019: Expresiones Culturales, m\u00e1s que un concepto, es un espacio para el di\u00e1logo y el intercambio creativo alrededor de los nuevos medios, es una met\u00e1fora para pensar las posibilidades de integraci\u00f3n entre el arte y la tecnolog\u00eda, en contextos sociales diversos y entornos variables; es una [&hellip;]<\/p>\n","protected":false},"author":1,"featured_media":0,"parent":0,"menu_order":0,"comment_status":"closed","ping_status":"closed","template":"","meta":{"_et_pb_use_builder":"on","_et_pb_old_content":"","_et_gb_content_width":"","_coblocks_attr":"","_coblocks_dimensions":"","_coblocks_responsive_height":"","_coblocks_accordion_ie_support":"","om_disable_all_campaigns":false,"_monsterinsights_skip_tracking":false,"_monsterinsights_sitenote_active":false,"_monsterinsights_sitenote_note":"","_monsterinsights_sitenote_category":0,"_uf_show_specific_survey":0,"_uf_disable_surveys":false,"footnotes":""},"class_list":["post-124","page","type-page","status-publish","hentry"],"aioseo_notices":[],"_links":{"self":[{"href":"https:\/\/ecologiasdigitales.org\/en\/wp-json\/wp\/v2\/pages\/124","targetHints":{"allow":["GET"]}}],"collection":[{"href":"https:\/\/ecologiasdigitales.org\/en\/wp-json\/wp\/v2\/pages"}],"about":[{"href":"https:\/\/ecologiasdigitales.org\/en\/wp-json\/wp\/v2\/types\/page"}],"author":[{"embeddable":true,"href":"https:\/\/ecologiasdigitales.org\/en\/wp-json\/wp\/v2\/users\/1"}],"replies":[{"embeddable":true,"href":"https:\/\/ecologiasdigitales.org\/en\/wp-json\/wp\/v2\/comments?post=124"}],"version-history":[{"count":0,"href":"https:\/\/ecologiasdigitales.org\/en\/wp-json\/wp\/v2\/pages\/124\/revisions"}],"wp:attachment":[{"href":"https:\/\/ecologiasdigitales.org\/en\/wp-json\/wp\/v2\/media?parent=124"}],"curies":[{"name":"wp","href":"https:\/\/api.w.org\/{rel}","templated":true}]}}

Exposición de propuestas creativas [convocatoria e invitados]

<p>[et_pb_section fb_built=»1&#8243; specialty=»on» _builder_version=»4.0.6&#8243; custom_padding=»0px|||||» da_disable_devices=»off|off|off» da_is_popup=»off» da_exit_intent=»off» da_has_close=»on» da_alt_close=»off» da_dark_close=»off» da_not_modal=»on» da_is_singular=»off» da_with_loader=»off» da_has_shadow=»on»][et_pb_column type=»1_2&#8243; _builder_version=»3.25&#8243; custom_padding=»|||» custom_padding__hover=»|||»][et_pb_divider color=»#cc3366&#8243; divider_weight=»4px» disabled_on=»on|on|off» _builder_version=»3.23.4&#8243; background_size=»initial» background_position=»top_left» background_repeat=»repeat» max_width=»40px» module_alignment=»left» height=»0px» custom_margin=»||10px|» animation_style=»zoom» animation_direction=»left» saved_tabs=»all» locked=»off»][/et_pb_divider][et_pb_blurb use_icon=»on» font_icon=»%%363%%» use_circle=»on» circle_color=»#ffffff» use_circle_border=»on» icon_placement=»left» _builder_version=»3.24&#8243;][/et_pb_blurb][et_pb_text text_font=»|300|||||||» text_text_color=»#666666&#8243; text_line_height=»1.4em» link_font=»||||||||» link_text_color=»#ffffff» header_font=»Montserrat|700|||||||» header_font_size=»42px» background_size=»initial» background_position=»top_left» background_repeat=»repeat» custom_margin=»-20px||-1px|||» custom_padding=»0px|||||» header_font_size_last_edited=»off|desktop» header_3_font=»Montserrat||||||||» header_3_text_color=»#339999&#8243; _builder_version=»4.0.9&#8243; locked=»off» inline_fonts=»THE BOLD FONT»]</p>
<h1>Exposición de propuestas creativas <span style="font-size: xx-large; color: #cc3366;">[convocatoria e invitados]</span></h1>
<p><span style="font-size: xx-large;"></span></p>
<p>[/et_pb_text][et_pb_accordion closed_toggle_text_color=»#339999&#8243; icon_color=»#cc3366&#8243; use_icon_font_size=»on» icon_font_size=»18px» _builder_version=»4.0.6&#8243; toggle_text_color=»#339999&#8243; toggle_level=»h1&#8243; toggle_font=»Montserrat|600|||||||» toggle_font_size=»20px» closed_toggle_font=»Montserrat|600|||||||» closed_toggle_font_size=»20px» min_height=»264px» custom_margin=»22px|||||»][et_pb_accordion_item title=»Presentación» open=»on» _builder_version=»4.0.6&#8243;]</p>
<p><em>Ecologías Digitales 2019: Expresiones Culturales</em>, más que un concepto, es un espacio para el diálogo y el intercambio creativo alrededor de los nuevos medios, es una metáfora para pensar las posibilidades de integración entre el arte y la tecnología, en contextos sociales diversos y entornos variables; es una apuesta por las convergencias disciplinares que faciliten la libre expresión como forma de posicionamiento vital, ético y estético. Todo esto, en medio de dinámicas contemporáneas complejas, donde el continuo avance tecnológico genera un desbordamiento mediático, difícil de aprehender de forma individual.</p>
<p>En el ámbito de la seguridad informática y la programación existe un fallo denominado <em>desbordamiento de búfer</em>, un error del <em>software</em> en el que los datos sobrepasan la capacidad de almacenamiento generando <em>operaciones imprevistas</em>. Desde la perspectiva creativa, estas  operaciones derivadas del error sirven de referencia para proponer en  Ecologías Digitales visiones alternas del proceso creativo con tecnología, las cuales rompen con los protocolos establecidos y se despliegan en diversas formas de expresiones culturales individuales y colectivas.</p>
<p>En este marco de reflexión se ubica la presente muestra, la cual incluye las propuestas de artistas individuales, colectivos, entidades invitadas, y de quienes fueron seleccionados a través de la convocatoria abierta. Cada una de las propuestas constituye una forma de intercepción en distintos planos y medios: el físico del museo, el virtual de las pantallas y ordenadores, y el perceptual desde la experiencia de los asistentes. De esta forma, las propuestas representan visiones alternas de apropiación tecnológica, cocreación y participación cultural. Fuera de la mirada convencional dicotómica artista-espectador, academia-comunidad e institución-ciudadanía, cada propuesta es una apuesta por la expresión creativa <em>en</em> y <em>desde</em> nuestros contextos sociales, culturales, tecnológicos y políticos. Cada una de ellas propende por generar experiencias estéticas e intelectuales, bien sea conectando las tecnologías emergentes y pasadas; generando códigos para la expansión creativa; cuestionando problemáticas propias del acontecer tecnológico; o propiciando mecanismos y formas de participación colectiva abiertos a la creatividad del otro y lo otro, desde lo humano o lo maquinista. Así, en esta muestra de <em>Ecologías Digitales 2019</em>, se proponen experiencias culturales donde el otro es arte y parte.</p>
<p>[/et_pb_accordion_item][et_pb_accordion_item title=»Artistas, creadores, investigadores o instituciones invitadas:» _builder_version=»4.0.6&#8243; open=»off»]</p>
<ul>
<li>Jorge Luis Vaca Forero</li>
<li>Jorge Ocampo Rendón y Juan Ocampo Rendón.</li>
<li>Oscar Alejandro Cardoso Guzmán, David Esteban Sanchez Gutierrez, Juan Diego Correa Blair, José Julián Cadavid Sierra, Diego Fernando Castañeda Guisao.</li>
<li>Programa de Memoria, Patrimonio y Archivo Histórico, Secretaría de Cultura Ciudadana, Alcaldía de Medellín.</li>
<li>Territorio_lab, Bibliolab: Diana Morales, Camilo Urrego, Maria Eugenia Gómez, Anderson Silva Ocampo, Norma Ibargüen Martinez, Gloria Edilma Restrepo Vasquez, Juan David Montoya Otalvaro, Natalia María Guarín Salazar,Luisa María Isaza Álvarez, Diana Morales, Margarita Puerta, Luis Fernando Posada Villa, Carlos Mario Gil Zuluaga, César Mazo.</li>
<li>Semillero de Hipertrópico: Pablo Andrés Pulgarín, Carlos Mario Sánchez, Katlen Smith Vergara, Sara Roldán, Ana María Cardona.</li>
<li>Semillero de Investigación en Imagen Técnica y Narrativas Experimentales -SIITNE-: John zelextheron, Manuel Palacio, Sebastian López, Stefanye Franco, Sara Patiño, Melisa Montoya, y Karena Fernández, coordina: Liliana Correa.</li>
<li><em>performers</em>: Sebastián Rivera, Juan David Flórez, Camilo Cuartas.</li>
</ul>
<p>[/et_pb_accordion_item][et_pb_accordion_item title=»Artistas, creadores, investigadores y colectivos por convocatoria:» _builder_version=»4.0.6&#8243; open=»off»]</p>
<ul>
<li><strong>Semillero de Investigación Aplicada en Territorios Inteligentes de la línea de investigación Territorios Inteligentes: Sociedad, Tecnología, Innovación y Territorio, del grupo Redes y Actores Sociales del Departamento de Sociología de Facultad de Ciencias Sociales y Humanas de la Universidad de Antioquia</strong>. Coordinadora: Gloria Isabel Quintero. Integrantes semillero: Daniela Avendaño, Daniela López, Daniela Uribe, Diego Gómez Martino, María Alejandra Estrada, Mónica Londoño, Mónica Alexandra Gómez, Mariana Duque Gallego, Margarita Cardona Márquez, Silvia Catherine Moreno, Sergio García Jaramillo, Teresa Rodríguez. Artista plástico y producción: Ever Armando Moncada Betancur. Fotografía y edición: Juan David Ceballos Talero. Música: Juan Esteban Rendón.</li>
<li><strong>Fabián Ríos Castrillón</strong></li>
<li><strong>Esteban Gutiérrez</strong></li>
<li><strong>Yuliana Restrepo</strong></li>
<li><strong>Manuela Arboleda</strong></li>
<li><strong>Colectivo BióGrafos:</strong> Amalia Llano Bojanini, Ana María Sepúlveda, Andrea Builes Vélez, Eduardo Montoya, Erika Torres Hoyos, David Tobón Muñoz, Natalia Uribe Macías (representante) y Semillero CINEVIVO: Laura Valentina Gil, Alejandra García, Natalia Ibarra, Maria del Pilar Gálvez, Manuel Buelvas, Raúl Andrés Benito, Esteban Betancur, Tatiana Durán Duque, Andrés Felipe Eusse, Daniela Betancur, Isabel Paniagua Cano, Luis Rodríguez</li>
</ul>
<p>[/et_pb_accordion_item][et_pb_accordion_item title=»Créditos» _builder_version=»4.0.9&#8243; open=»off»]</p>
<h5><strong>Jurados Convocatoria Abierta:</strong></h5>
<p>Jorge Luis Vaca Forero y Esteban García</p>
<h5><strong>Equipo de producción Hipertrópico:</strong></h5>
<p>Isabel Restrepo, Astrid Damaris David, Pablo Pulgarín, Carlos Sánchez, Juan Carlos Hernández, Ana María Cardona, Katlen Smith Vergara, Sara Roldán, Alexandra Tabares, Arney Herrera, David González.</p>
<p>[/et_pb_accordion_item][/et_pb_accordion][et_pb_divider divider_style=»dotted» divider_position=»center» _builder_version=»4.0.6&#8243; custom_margin=»14px||18px|||»][/et_pb_divider][/et_pb_column][et_pb_column type=»1_2&#8243; specialty_columns=»2&#8243; _builder_version=»3.25&#8243; custom_padding=»|||» custom_padding__hover=»|||»][et_pb_row_inner use_custom_gutter=»on» gutter_width=»1&#8243; _builder_version=»4.0.6&#8243; custom_margin=»-4px|||||»][et_pb_column_inner saved_specialty_column_type=»1_2&#8243; _builder_version=»4.0.6&#8243;][et_pb_gallery gallery_ids=»126,127,128,129,130,131,132,133,134,135,136,137,138,139,140,141,142,143,144,145,146,147,148,149,155,156,157,158,159,160,161,38,162,163,164,167,168&#8243; posts_number=»8&#8243; show_title_and_caption=»off» zoom_icon_color=»#cc3366&#8243; hover_icon=»%%13%%» _builder_version=»4.4.7&#8243; custom_margin=»0px|0px|0px|0px|false|false» custom_padding=»0px|0px|0px|0px|false|false»][/et_pb_gallery][/et_pb_column_inner][/et_pb_row_inner][/et_pb_column][/et_pb_section]</p>

<p>Exposición de propuestas creativas [convocatoria e invitados] Ecologías Digitales 2019: Expresiones Culturales, más que un concepto, es un espacio para el diálogo y el intercambio creativo alrededor de los nuevos medios, es una metáfora para pensar las posibilidades de integración entre el arte y la tecnología, en contextos sociales diversos y entornos variables; es una [&hellip;]</p>
